+ 6*v**2 + 10*v - 11. Let i be f(7). Let g(x) = -5*x**2 - i*x**2 + 4*x + 12*x**2. Give g(3).
-15
Let x(g) = -2*g**2 + g - 2. Let o(y) = y**2 + 19*y + 1. Let l be o(-19). Let h be x(l). Let p(u) = -u + 1. What is p(h)?
4
Let g(o) = 25*o**3 - 11*o**2 + 11*o - 18. Let n(j) = 12*j**3 - 5*j**2 + 5*j - 8. Let x(z) = -4*g(z) + 9*n(z). Calculate x(1).
8
Let r(c) = 2*c**3 + 54*c**2 - c - 21. Let t be r(-27). Let q(v) = 1 + 2*v - 7 + 0. Let x be q(t). Let p(d) = d**3 - 7*d**2 + 7*d - 6. Give p(x).
0
Suppose -2*y - y = 15. Let v(x) = -2*x**3 + 1. Let d be v(-1). Let w(t) = 1 + d + 0*t + t - 2. Determine w(y).
-3
Let i = 1677 + -1678. Let q(v) = 29*v**3 - v**2. Give q(i).
-30
Let t be -2*(-8)/(-28)*(9 - 2). Let f(x) = x**3 + 3*x**2 - 5*x - 10. Determine f(t).
-6
Let c(o) = o**2 + 2*o - 5. Suppose 2*x - 6*r = -4*r + 8, -5*x = -2*r - 14. Suppose x*b + j = -12, -3*b - 8*j + 3*j - 32 = 0. Determine c(b).
3
Let b(z) = 2*z**2 - 6*z - 1. Let k be b(3). Let y(o) = -14*o. What is y(k)?
14
Let l(s) = 3*s**2 + 992 + 2*s - 992. Let q = 0 - 2. Calculate l(q).
8
Let u(y) = -16043*y**2 + 12*y + 16042*y**2 + 14 - 6. Let l = 49 + -36. What is u(l)?
-5
Let j(f) = -f**3 - 5*f**2 + 6*f - 3. Let m(i) = -i + 9. Let d be m(7). Suppose 2*h - 26 = 5*b, 4*h = -d*b - 2*b - 32. What is j(b)?
-3
Let o = 18 + -11. Let q(n) = -398 + 141 + 6*n + 146 + 120 - n**2. Calculate q(o).
2
Let k(i) = 2*i - 1. Let f be k(3). Suppose d = x + 5, 5 = -f*d - x - 4*x. Suppose 1 = d*r - 1. Let s(q) = -2*q**2 + 2*q - 1. What is s(r)?
-1
Let r(i) be the second derivative of -i**5/20 + 7*i**4/12 - 5*i**2/2 + 37*i. What is r(6)?
31
Suppose -5*n = -n - 32. Suppose n*y - 6*y = 4. Let g(x) = 7*x + 2. Let l(c) = 16*c + 5. Let p(u) = -9*g(u) + 4*l(u). Give p(y).
4
Let l(a) = -2*a**2. Suppose -3*i - 14 = -5*i + 2*t, 3*i - 4*t = 22. Suppose 4*d + o - 21 = i*o, 4 = -4*o. Suppose -d*h + 6 = -2. Give l(h).
-8
Let t(u) be the first derivative of -u**2 + 3*u - 49. Let x be (-1)/(2/6) - 2. Let w be (-7)/(-3) + x/15. What is t(w)?
-1
Let h(c) be the first derivative of 3/2*c**2 - 5/3*c**3 + 3*c + 1/4*c**4 + 22. Determine h(3).
-6
Let d(j) = j**2 - 7*j + 7. Suppose 5*v - 3*v + 48 = -3*u, -3*u = -3*v + 33. Let k be u*(1 - (-12)/(-8)). Calculate d(k).
7
Let n(g) = 11*g**2 + 1. Let q(a) = -4*a**2 - a. Let z(m) = -n(m) + q(m). Give z(-1).
-15
Let z(x) = x**3 + 8*x**2 + 7*x + 6. Let u(s) = 0 + 1 - 5*s + 2. Let g = -242 - -244. Let n be u(g). What is z(n)?
6
Suppose 3*j + 5 = 2*c, 4*j - 16 = -3*c - 0*j. Let u(m) = -9 - 10 - c*m**2 + 19. Give u(-1).
-4
Let p(d) = 6*d**3 - 9*d**2 + 6. Let c(u) = -7*u**3 + 11*u**2 - 7. Let v(k) = 5*c(k) + 6*p(k). What is v(-1)?
1
Let u = -23 + 36. Suppose -8*t - u = 5*t. Let y(x) = -9*x - 1. What is y(t)?
8
Let v(a) = 10*a - 37. Suppose 41 = 52*y - 167. What is v(y)?
3
Let v = 14 + -12. Suppose -3*a = 3*q - 24, a - 2*a - v*q = -13. Let f(j) = -j**3 + j**2 + j + 2. Calculate f(a).
-13
Let u = 44 - 48. Let s be 1*u*(-4)/(-8). Let d(z) = -2 - 2*z - 3*z**2 + 3 + 1. Determine d(s).
-6
Let f(v) be the third derivative of 0*v**3 - 1/8*v**4 + 0 + 13*v**2 + 0*v. Calculate f(1).
-3
Let g(m) = -3*m**2 - 4*m - 1. Let v(a) = -a**2 - 5*a - 5. Let p be v(-5). Let y be -5 - -1 - (4 + p). Calculate g(y).
-16
Let x = -2/169 + 175/507. Let q(m) be the second derivative of 1/2*m**3 + 0 + 0*m**2 + 3*m + x*m**4 + 1/20*m**5. Determine q(-2).
2
Let w(c) = 2*c**3 - 3*c**2 + c. Let f = 7 - 3. Suppose -f*m - 13 - 11 = 0. Let y = m - -8. Calculate w(y).
6
Let g(f) = f**3 + 2*f + 3. Let v be 0/(-2)*(2 + -1). Let j(q) = -q**2 - 14*q - 14. Let l be j(-13). Let z be v/l + (-6)/3. Determine g(z).
-9
Let i(k) = -5989*k - k**2 + 2 + 6013*k + 5. Calculate i(24).
7
Let h(m) be the second derivative of m**3/6 - m**2/2 + 46*m. Determine h(4).
3
Let p(b) be the third derivative of 5*b**4/24 + b**3/6 + 4*b**2 - 130. Determine p(3).
16
Let h = 1 + -6. Let v = h + 7. Let s(d) = 6*d - 2*d**2 + d**3 + 3*d**2 - 2*d**2 - 5*d**v - 5. What is s(5)?
0
Suppose 4*l - 2*z = 14, -2*l + 6 = -5*l - 4*z. Let b(v) be the first derivative of 1 - 9*v + 1/2*v**l. Give b(5).
-4
Let m(k) = 15 - 138*k + 289*k - 150*k. What is m(-7)?
8
Let b(x) = -x**3 - 10*x**2 - x - 7. Let g be (10/(-30) + -3)*3. Determine b(g).
3
Let b be (3/12*0)/(-1). Suppose -9*l + 0*l + 9 = b. Let o(d) = -10*d. Determine o(l).
-10
Let o(k) = -108*k + 1 + 48*k + 61*k. Determine o(-9).
-8
Suppose -o = o. Suppose 2*p - 8*p - 36 = o. Let j(t) = 2*t**2 + 14*t + 5. Let m(w) = w**2 + 7*w + 3. Let q(a) = 3*j(a) - 5*m(a). What is q(p)?
-6
Let i(h) be the third derivative of -h**6/120 - h**5/120 + 3*h**4/4 + 42*h**2. Let q(c) be the second derivative of i(c). Give q(-1).
5
Let u be 14 + (-1 - -2) + -6 + 5. Let b(z) = -u + 5*z + 36 - 22. Calculate b(5).
25
Let m(g) = -12*g**2 - 45*g - 6. Let b(k) = -10*k**2 - 37*k - 5. Let o(w) = 5*b(w) - 4*m(w). What is o(4)?
-53
Suppose -38*u = -298 + 108. Let z(p) = p**3 - 4*p**2 - 5*p + 6. What is z(u)?
6
Let o(z) = -2*z + 46. Suppose x + 4*x + 2*w = 133, -2*x + w + 46 = 0. Give o(x).
-4
Let y(d) = -d - 4. Suppose 3*f - 19 - 5 = 0. Suppose p = 3*p - f. What is y(p)?
-8
Suppose -4*n = -9*n. Suppose s - m = -8, n*m - 48 = 3*s + 3*m. Let h = s + 18. Let q(i) = i**2 - 6*i - 2. Calculate q(h).
-2
Let j be ((-12)/10)/(6/15). Let i = -13 - j. Let a(g) = 2*g + 15. Calculate a(i).
-5
Let x be (-88)/44 - (-2 - (-1 + 2)). Let c(m) = 11*m**2 - 3*m + 2. Determine c(x).
10
Let o(u) = -u**3 - 32*u**2 - 86*u + 24. Let m be o(-29). Let s(j) = j - 6. Determine s(m).
-11
Let f(h) = -4*h + 20. Suppose 0 = 3*r + 4*q - 44, 2*r + 5*q - 65 = -3*r. What is f(r)?
-12
Let n(u) = -u**2 + 4*u + 4. Suppose -196*a + 20 = -192*a. Calculate n(a).
-1
Let o = 14/47 + -121/564. Let y(m) be the third derivative of 0*m - 1/6*m**3 + 1/24*m**4 + 12*m**2 - o*m**5 + 0. Determine y(1).
-5
Let u(b) be the second derivative of 3*b**5/20 - b**3/6 + b**2/2 - 480*b. Suppose 0 = -s + 5*k - 9 - 10, 0 = -4*k + 16. Calculate u(s).
3
Suppose -4*c - 60 = -9*c. Let a(d) = d**3 - 12*d**2 - d + 1. Let k be a(c). Let m be k/7 - 9/21. Let u(w) = w**2 + 5*w + 2. Give u(m).
-4
Let b(a) = -2*a - 5. Let q(h) = 28*h - 362. Let k be q(13). Determine b(k).
-9
Let j(d) = 6*d - 216. Let u be j(37). Let i(m) be the second derivative of -u*m + 0 - 1/2*m**2 - 1/2*m**3 - 1/12*m**4. What is i(-1)?
1
Let m be 0 + 6/(-14) + 31/7. Let b(h) = 6*h - 7. Let a(n) = 5*n - 13. Let o(w) = 10*w - 25. Let j(x) = -11*a(x) + 6*o(x). Let g(f) = m*b(f) - 5*j(f). Give g(7).
0
Let f(l) = l**3 + 3*l**2 + 8*l - 9. Let v(s) = -2*s**2 + 2*s + 2. Let j(b) = -f(b) + 5*v(b). Calculate j(-13).
-7
Let q(s) = 30*s. Let u(p) = 5*p. Let j(l) = -l**3 - 6*l**2 + l + 10. Let y be j(-6). Let r(d) = y*q(d) - 25*u(d). What is r(-4)?
20
Suppose 0 = -32*c + 34*c + 14. Let l(d) be the third derivative of d**6/120 + 2*d**5/15 + d**4/4 + d**3/3 + 2*d**2. What is l(c)?
9
Let c(b) = -5*b**2 + 10*b - 30. Let l(f) = 6*f**2 - 9*f + 31. Let q(u) = 5*c(u) + 4*l(u). Calculate q(10).
14
Let r(m) = -7 + 60*m - 20*m - 10*m - 19*m - 12*m. What is r(-5)?
-2
Let r = 4 + -2. Let j(u) = u**r - 2*u**2 + 5*u + 4*u**2 - 3. Let h(f) = 10*f**2 + 15*f - 9. Let m(z) = 2*h(z) - 7*j(z). What is m(-5)?
3
Let a be 0/(0/1 + 1). Let k(n) = 5 + n**2 - n + 0*n + 2 - 10. What is k(a)?
-3
Let g(l) = -l**3 - 3*l**2 - 3 - 3*l**3 + 3*l**3. Let n(t) = t**3 + 39*t**2 - 2*t - 81. Let a be n(-39). Calculate g(a).
-3
Let q = -4 + 0. Let k(i) = -5*i**2 + i - 9. Let h(o) = -o**2 - 1. Let f(r) = q*h(r) + k(r). Let t = 4 + -4. What is f(t)?
-5
Let v(c) = -c**3 + 2*c**2 + c + 17. Let j be 1*(5 - (3 + 2)). Give v(j).
17
Let s be (4/(-8))/((-2)/20). Let t(v) = -5*v. Let h(j) = -6*j. Let m(l) = s*h(l) - 4*t(l). Determine m(1).
-10
Let h = -80 + 80. Suppose -13 = -s - m + 1, 4*m - 20 = 0. Let y(n) = 6 + 4*n**2 - 3*n**2 + n**3 - 10*n + s*n. Determine y(h).
6
Let p(a) = a**3 + 4*a**2 - 3*a + 2. Let h = 204 + -90. Let o = 110 - h. What is p(o)?
14
Suppose -4*k + 21 = a, -10*a = -8*a - 2. Let m(x) = -x**3 + 6*x**2 - 7*x. Calculate m(k).
-10
Let b(r) = -8*r**2 + 2*r + 1. Let v(z) = z**2 - 6*z - 281. Let l be v(20). What is b(l)?
-9
Let q(v) be the second derivative of v**3/6 + v**2/2 + 2*v - 6. Give q(6).
7
Let t(u) = 2*u + 1 + u + 1. Let k(z) = -69*z + 71. Let y be k(1). Give t(y).
8
Let s(u) = u**3 + 6*u**2 + 3. Let f(